actors of 834?
2, 3, 139
What are the prime factors of 6800?
2, 5, 17
List the prime factors of 48.
2, 3
List the prime factors of 1322.
2, 661
What are the prime factors of 274?
2, 137
What are the prime factors of 55582?
2, 27791
What are the prime factors of 113501?
113501
What are the prime factors of 4648?
2, 7, 83
What are the prime factors of 57288?
2, 3, 7, 11, 31
List the prime factors of 24493.
7, 3499
List the prime factors of 8404.
2, 11, 191
What are the prime factors of 24536?
2, 3067
List the prime factors of 20874.
2, 3, 7, 71
What are the prime factors of 16421?
16421
What are the prime factors of 9011?
9011
List the prime factors of 7612.
2, 11, 173
What are the prime factors of 212515?
5, 19, 2237
List the prime factors of 4819.
61, 79
List the prime factors of 635.
5, 127
List the prime factors of 2984.
2, 373
List the prime factors of 437.
19, 23
List the prime factors of 711.
3, 79
List the prime factors of 2125.
5, 17
What are the prime factors of 1610?
2, 5, 7, 23
What are the prime factors of 11006?
2, 5503
List the prime factors of 11239.
11239
List the prime factors of 709.
709
List the prime factors of 34550.
2, 5, 691
List the prime factors of 982.
2, 491
What are the prime factors of 8312?
2, 1039
What are the prime factors of 123?
3, 41
List the prime factors of 31199.
7, 4457
What are the prime factors of 9749?
9749
What are the prime factors of 2095?
5, 419
List the prime factors of 10302.
2, 3, 17, 101
List the prime factors of 9470.
2, 5, 947
List the prime factors of 3980.
2, 5, 199
What are the prime factors of 794?
2, 397
List the prime factors of 2181.
3, 727
List the prime factors of 941.
941
What are the prime factors of 10656?
2, 3, 37
List the prime factors of 1123.
1123
What are the prime factors of 1965?
3, 5, 131
What are the prime factors of 6495?
3, 5, 433
List the prime factors of 8227.
19, 433
List the prime factors of 4008.
2, 3, 167
List the prime factors of 18150.
2, 3, 5, 11
What are the prime factors of 1814?
2, 907
What are the prime factors of 3733?
3733
What are the prime factors of 16482?
2, 3, 41, 67
List the prime factors of 5626.
2, 29, 97
What are the prime factors of 7450?
2, 5, 149
List the prime factors of 3964.
2, 991
List the prime factors of 1352.
2, 13
What are the prime factors of 3602?
2, 1801
List the prime factors of 3396.
2, 3, 283
What are the prime factors of 21383?
21383
What are the prime factors of 1848?
2, 3, 7, 11
List the prime factors of 143608.
2, 29, 619
List the prime factors of 3725.
5, 149
List the prime factors of 3219.
3, 29, 37
List the prime factors of 570.
2, 3, 5, 19
What are the prime factors of 9002?
2, 7, 643
What are the prime factors of 131341?
7, 29, 647
What are the prime factors of 123?
3, 41
What are the prime factors of 45517?
23, 1979
What are the prime factors of 1174?
2, 587
List the prime factors of 181.
181
List the prime factors of 466.
2, 233
List the prime factors of 808.
2, 101
List the prime factors of 1608.
2, 3, 67
List the prime factors of 2247.
3, 7, 107
What are the prime factors of 9660?
2, 3, 5, 7, 23
List the prime factors of 3332.
2, 7, 17
List the prime factors of 2437.
2437
List the prime factors of 31763.
23, 1381
List the prime factors of 57922.
2, 28961
What are the prime factors of 8099?
7, 13, 89
What are the prime factors of 608?
2, 19
List the prime factors of 50034.
2, 3, 31, 269
What are the prime factors of 153?
3, 17
List the prime factors of 12440.
2, 5, 311
What are the prime factors of 1281?
3, 7, 61
What are the prime factors of 4116?
2, 3, 7
List the prime factors of 33589.
33589
List the prime factors of 10004.
2, 41, 61
What are the prime factors of 4295?
5, 859
List the prime factors of 30384.
2, 3, 211
What are the prime factors of 9469?
17, 557
List the prime factors of 17409.
3, 7, 829
List the prime factors of 8930.
2, 5, 19, 47
What are the prime factors of 7827?
3, 2609
What are the prime factors of 331?
331
List the prime factors of 14642.
2, 7321
What are the prime factors of 76244?
2, 7, 389
What are the prime factors of 11317?
11317
List the prime factors of 4145.
5, 829
List the prime factors of 1065.
3, 5, 71
List the prime factors of 4141.
41, 101
What are the prime factors of 140772?
2, 3, 11731
What are the prime factors of 2769?
3, 13, 71
What are the prime factors of 1609?
1609
List the prime factors of 1690.
2, 5, 13
List the prime factors of 2139.
3, 23, 31
What are the prime factors of 63351?
3, 7039
What are the prime factors of 4640?
2, 5, 29
What are the prime factors of 1350?
2, 3, 5
List the prime factors of 79483.
61, 1303
List the prime factors of 125756.
2, 149, 211
What are the prime factors of 2206?
2, 1103
What are the prime factors of 116462?
2, 58231
What are the prime factors of 42429?
3, 14143
What are the prime factors of 6688?
2, 11, 19
What are the prime factors of 4345?
5, 11, 79
List the prime factors of 10275.
3, 5, 137
What are the prime factors of 11463?
3, 3821
List the prime factors of 7613.
23, 331
List the prime factors of 133.
7, 19
What are the prime factors of 13882?
2, 11, 631
What are the prime factors of 1389?
3, 463
What are the prime factors of 8908?
2, 17, 131
What are the prime factors of 18107?
19, 953
What are the prime factors of 943?
23, 41
What are the prime factors of 25792?
2, 13, 31
What are the prime factors of 26966?
2, 97, 139
What are the prime factors of 6226?
2, 11, 283
List the prime factors of 22928.
2, 1433
What are the prime factors of 5487?
3, 31, 59
List the prime factors of 14789.
23, 643
What are the prime factors of 1808?
2, 113
List the prime factors of 77035.
5, 7, 31, 71
List the prime factors of 4011.
3, 7, 191
What are the prime factors of 138268?
2, 13, 2659
List the prime factors of 2665.
5, 13, 41
List the prime factors of 10606.
2, 5303
What are the prime factors of 32?
2
List the prime factors of 1188.
2, 3, 11
List the prime factors of 117617.
117617
List the prime factors of 24704.
2, 193
What are the prime factors of 2616?
2, 3, 109
What are the prime factors of 31400?
2, 5, 157
What are the prime factors of 10387?
13, 17, 47
List the prime factors of 11745.
3, 5, 29
What are the prime factors of 973?
7, 139
List the prime factors of 4581.
3, 509
What are the prime factors of 1651?
13, 127
List the prime factors of 2523.
3, 29
What are the prime factors of 13044?
2, 3, 1087
What are the prime factors of 10856?
2, 23, 59
List the prime factors of 491.
491
List the prime factors of 4122.
2, 3, 229
List the prime factors of 383.
383
What are the prime factors of 52350?
2, 3, 5, 349
List the prime factors of 3286.
2, 31, 53
What are the prime factors of 19274?
2, 23, 419
What are the prime factors of 829?
829
List the prime factors of 23861.
107, 223
List the prime factors of 2245.
5, 449
What are the prime factors of 17178?
2, 3, 7, 409
List the prime factors of 8048.
2, 503
List the prime factors of 25929.
3, 43, 67
List the prime factors of 50.
2, 5
What are the prime factors of 75675?
3, 5, 1009
List the prime factors of 14633.
14633
List the prime factors of 2765.
5, 7, 79
What are the prime factors of 7258?
2, 19, 191
List the prime factors of 315.
3, 5, 7
What are the prime factors of 64173?
3, 21391
List the prime factors of 2275.
5, 7, 13
List the prime factors of 64142.
2, 13, 2467
List the prime factors of 7555.
5, 1511
What are the prime factors of 348?
2, 3, 29
What are the prime factors of 1825?
5, 73
What are the prime factors of 1557?
3, 173
List the prime factors of 29253.
3, 7, 199
List the prime factors of 54323.
54323
List the prime factors of 16294.
2, 8147
List the prime factors of 7807.
37, 211
List the prime factors of 2827.
11, 257
List the prime factors of 1176.
2, 3, 7
List the prime factors of 26.
2, 13
What are the prime factors of 6085?
5, 1217
List the prime factors of 29162.
2, 7, 2083
List the prime factors of 18625.
5, 149
What are the prime factors of 329?
7, 47
List the prime factors of 14553.
3, 7, 11
List the prime factors of 1072.
2, 67
List the prime factors of 14544.
2, 3, 101
List the prime factors of 17145.
3, 5, 127
What are the prime factors of 1528?
2, 191
What are the prime factors of 8759?
19, 461
List the prime factors of 5496.
2, 3, 229
What are the prime fact